is divided by p?
18
Suppose -3*v - 15*j + 12*j + 72 = 0, -2*v - 3*j + 43 = 0. What is the remainder when 289 is divided by v?
28
Let s = 138 + -48. Suppose -5*i = 3*a - 0*a - 96, -4*i = -2*a - s. Calculate the remainder when 83 is divided by i.
20
Suppose 0 = 5*f - 51 + 221. Let r = f - -36. What is the remainder when 17 is divided by r?
1
Suppose c - g = 26, 0 = -3*c - 3*g - 0*g + 78. Let t = c + -19. Suppose -t*h + 84 = -h. Calculate the remainder when 39 is divided by h.
11
Suppose 496 = -12*b + 20*b. What is the remainder when b is divided by 15?
2
Let t(b) = -2*b**2 - 21*b - 49. Calculate the remainder when t(-6) is divided by 2.
1
Suppose -5*z + 114 = 2*h, -123*z = -127*z. Calculate the remainder when 80 is divided by h.
23
Suppose 5*g - 83 = 4*b, -312 = -4*g + 2*b - 242. Let s = 11 + 1. What is the remainder when g is divided by s?
7
Suppose -6*l + 2*l = -u - 3250, -l = -2*u - 816. Calculate the remainder when l is divided by 74.
72
Let n = -8 + 9. Let j(f) = -f**3 + f**2. Let l be j(n). Suppose -2*x - 4*r + 110 = l, -5*x + 0*r = r - 239. What is the remainder when x is divided by 16?
15
Let b(m) = 48*m - 312. Calculate the remainder when b(8) is divided by 15.
12
Let a = -130 - -138. Let l(b) = -4 + 1 + 8*b - 2. What is the remainder when l(a) is divided by 16?
11
Let b = -121 - -93. Calculate the remainder when 9/(-21) - 2840/b is divided by 15.
11
Let k = -388 + 393. Calculate the remainder when 1*26 + 4/(-2) is divided by k.
4
Suppose 0 = -v - 2*v + 153. Suppose 29 = 5*s - v. Suppose -2*i - 2*b + 46 = -14, 4*i - 114 = 2*b. What is the remainder when i is divided by s?
13
Suppose -1000 = -3*u - 4*s + 5*s, -4*u + 4*s = -1328. Calculate the remainder when u is divided by 24.
22
Suppose 9*a - 861 - 4863 = 0. What is the remainder when a is divided by 64?
60
Let d = -58 - -92. Calculate the remainder when d is divided by (8 + 11)*(2 - 1).
15
Let k = -1028 + 1050. Calculate the remainder when 171 is divided by k.
17
Suppose 5*o - 162 = -o. Suppose o + 193 = 5*s. What is the remainder when 175 is divided by s?
43
Suppose -2*r = -4*r + 18. Suppose r*a - 480 = -6*a. Calculate the remainder when a is divided by 12.
8
Let v be 7 - (-48)/(-18)*(-6)/(-8). Suppose -5*f = -4*l - 324, 5*f - f = -v*l + 251. What is the remainder when f is divided by 22?
20
Suppose 3*w = -4*u - 0*u + 165, 4*w - 4*u = 220. Let z = -61 + 81. Calculate the remainder when w is divided by z.
15
Suppose 3*u + 3 = 0, -t = t + 3*u + 3. Suppose t = 4*l + 82 - 18. Calculate the remainder when 7 is divided by 21/(-6)*l/28.
1
Let b(v) = 2*v**2 - v - 8. Let y be b(-2). Suppose 6*u - u - 325 = 0. Calculate the remainder when u + 2 + (2 - y) is divided by 14.
11
Suppose -13*g = -12*g - 4. Suppose 2*k - 47 = 3*a, 2*a + 44 = g*k + 6*a. What is the remainder when 109 is divided by k?
13
Let i be -1 + (9/(-21) - (-31)/7). Suppose i*x - 408 = -x + 4*b, 5*x + 2*b - 538 = 0. Calculate the remainder when x is divided by 6.
4
Let d(o) = 28*o + 16. Let f be d(4). Suppose -2 - f = -5*n. Suppose 8 = 3*q - 13. What is the remainder when n is divided by q?
5
Suppose 35*g = 31*g - 92. Let x = g + 38. Suppose -16 - 8 = -3*y. What is the remainder when x is divided by y?
7
Let o be ((-26)/13)/(-1 - 86/(-82)). Let u = o + 81. Calculate the remainder when 157 is divided by u.
37
Calculate the remainder when -8 + 6 + 8 - -60 is divided by 27.
12
Let s(b) = -5*b**2 + 4. Let t be s(-2). Let a = t - -20. Calculate the remainder when 19 is divided by a.
3
Let a = -105 + 109. Suppose -5*u + k + 134 = -k, 97 = a*u - 5*k. What is the remainder when 137 is divided by u?
25
Let d = -587 + 1005. Calculate the remainder when d is divided by 70.
68
Suppose 3*h + 24 = h + 4*n, -n + 11 = -3*h. Let j = h - -6. Suppose -j*o + 7*o = 36. Calculate the remainder when 23 is divided by o.
11
Suppose -47 = -5*j + 3*s + 13, 5*s = 4*j - 48. Calculate the remainder when j is divided by 8.
4
Suppose 3*g - 7 - 12 = -4*d, 2*d - 3 = 5*g. Suppose -6 + 0 = 3*f, d*f = -2*i + 2. Let t = i - -6. Calculate the remainder when 64 is divided by t.
9
Suppose -v - 7*a + 243 = -3*a, -v - a + 237 = 0. Calculate the remainder when (-2)/6 + v/3 is divided by 27.
24
Let u(i) = -5*i - 162. Calculate the remainder when 25 is divided by u(-36).
7
Let u = 404 - 230. What is the remainder when u is divided by 49?
27
Suppose -i = -a - 63 - 3, 0 = i - 2*a - 70. Suppose -3*r + 75 = 3*z, 0 = 3*r - 17 + 5. What is the remainder when i is divided by z?
20
Let s = -82 + 90. Calculate the remainder when 100 is divided by s.
4
Let w(q) = -3*q + 212. Calculate the remainder when w(-10) is divided by 31.
25
Suppose -3*k + 25 + 7 = -l, 0 = 3*k + 2*l - 44. Calculate the remainder when 118 is divided by k.
10
Suppose 3*y + 4*s = 37, 3*y = 5*s + 34 + 21. What is the remainder when 193 is divided by y?
13
Suppose -7 = -g + 38. Suppose 3*p + 2*p - 10 = 0. Suppose 2*l - 3*n = l + 27, -4 = -p*l - 4*n. Calculate the remainder when g is divided by l.
9
Let o = -10 - -13. Suppose -v = o*j - 81, 109 = 4*j + 2*v - v. What is the remainder when 109 is divided by j?
25
Suppose 40 = 2*o - 3*s, o - 3*o = 2*s - 20. Calculate the remainder when 390 is divided by o.
12
Let v(n) = -3*n**2 - 36*n + 10. Calculate the remainder when 33 is divided by v(-12).
3
Suppose 0 = -5*l + 2737 - 197. What is the remainder when l is divided by 30?
28
Let d(v) = -4*v**3 - 11*v**2 - 15*v - 51. Calculate the remainder when d(-5) is divided by 17.
11
Let a = 35 + 98. Suppose -27*w + 181 + 737 = 0. Calculate the remainder when a is divided by w.
31
Let p(j) = -j**3 + 13*j**2 + 12*j + 39. Calculate the remainder when 20 is divided by p(14).
9
Let s = 49 - 49. Suppose s = -8*q + 3*q + 145. Calculate the remainder when q is divided by 16.
13
Let c = -68 + 66. Calculate the remainder when c/(-14) + 1845/21 is divided by 6.
4
Let b(o) = 2*o**3 - 3*o**2 - 3*o - 1. Calculate the remainder when b(3) is divided by 50/(-775)*-155 - ((-10)/(-1))/2.
2
Let p(d) = -280*d**3 + 2*d**2 - 3*d + 2. Let z be p(1). What is the remainder when (-2)/(6/z) - 0 is divided by 47?
46
Suppose -4*a - 86 = 86. Let r = 78 + a. Calculate the remainder when r is divided by 18.
17
Let j = 96 + -92. What is the remainder when j/3 - (-1585)/15 is divided by 18?
17
Let d = 3594 + -3586. Suppose -4*u - u = -465. Calculate the remainder when u is divided by d.
5
Let b(c) = -c**3 + 7*c**2 + 4*c - 14. What is the remainder when b(6) is divided by 19?
8
Let z be (-10)/(-15) + 34/3. Let j(a) = -a + 15. Calculate the remainder when 6 is divided by j(z).
0
Suppose 0 = -51*r + 615 + 507. Calculate the remainder when 31*-1*(-2)/1 is divided by r.
18
Suppose -2*x - 18 = -554. Calculate the remainder when x is divided by 92.
84
Let v = 27 - 24. Suppose -7*k = v*j - 4*k + 6, -3*k - 4 = 4*j. Let w = -13 - -18. Calculate the remainder when w is divided by j.
1
Let y = -17 + 17. Suppose y = 6*k - 90 - 18. Suppose 0*d - 35 = -d. Calculate the remainder when d is divided by k.
17
Let q(c) = -c**2 - 28*c + 40. What is the remainder when 54 is divided by q(-29)?
10
Suppose -b - 4 = -3, -19 = -4*r + 3*b. Suppose -r*d = 4, 5*v - 2 = d + d. Suppose v = -3*q + 6*q - 24. What is the remainder when 10 is divided by q?
2
Suppose -20 + 3 = -z. Let f = z - -65. Let s(h) = 5*h**2 + 2*h - 3. What is the remainder when f is divided by s(2)?
19
Suppose -73*u + 2326 = -1981. What is the remainder when u is divided by 41?
18
What is the remainder when -2 + (10 + 55)*41 is divided by 41?
39
Let h(t) = 15*t**3 - 2*t**2 + 4*t - 3. What is the remainder when 109 is divided by h(1)?
11
Let h(g) = g**3 - 23*g**2 - 9*g + 10. Calculate the remainder when h(24) is divided by 97.
79
Let f = -61 + 63. Let n be (-8)/(-6)*30/4. Suppose n = -l - 5*c + 34, 0 = -3*l - f*c + 111. What is the remainder when l is divided by 10?
9
Let r = -179 - -194. Let n(y) be the first derivative of y**2 + 5*y + 2. Calculate the remainder when n(r) is divided by 13.
9
Let d = 37 - 23. Suppose h + 3*b - 6*b = -9, -5*h + 3 = -3*b. Calculate the remainder when d is divided by h.
2
Let q(v) = v + 2. Calculate the remainder when q(14) is divided by 1 + -6*5/(-15).
1
Suppose 344 = 2*g + 7*h - 3*h, -670 = -4*g + h. Calculate the remainder when g is divided by (-33)/(-2) + 4/8.
15
Let g = -11 - -13. Suppose 